(y) = -y + 2. Let k(i) = -i + 1. Let t(o) = 3*a(o) - 2*k(o). Let b be t(6). What is w(b)?
20
Let u(q) be the third derivative of q**6/120 - q**5/15 - q**4/8 - q**3/6 - 98*q**2. Let f = 71 + -67. What is u(f)?
-13
Suppose -3 = 3*c + 3. Let s(t) be the second derivative of -t**4/6 - t**3/6 + t**2 - 35302*t. Determine s(c).
-4
Let a(v) = 0 + 3*v - 6*v + v**2 + 1. Let g = -675 - -679. Determine a(g).
5
Suppose m - 20 = 5*m. Let z(i) be the second derivative of i**3/6 + 7*i**2/2 - 1178*i. What is z(m)?
2
Suppose -105*l + 57*l + 58*l - 60 = 0. Let h(i) = i**3 - 5*i**2 - 9*i + 12. Determine h(l).
-6
Suppose p + 3*t = -4, -2*t + t - 3 = 2*p. Let g(y) = -y**2 - 2*y - 2. Let r(c) = 3*c**2 + 9*c + 9. Let m = -60 + 62. Let o(d) = m*r(d) + 9*g(d). What is o(p)?
-3
Let v(k) = 486*k - 333. Let j(p) = -225*p + 167. Let r(w) = 13*j(w) + 6*v(w). Give r(18).
11
Let n(i) = -7*i + 9*i - 7*i + 36 + 4*i. Give n(-15).
51
Let w = 365 - 365. Let a(l) be the first derivative of 1/4*l**4 + 0*l**2 + 0*l**3 - 2 + 7*l. Give a(w).
7
Let p = 274 - 271. Let n(l) = -4*l**2 + 1 - 8*l + p*l + 5*l**2 + 3*l. What is n(3)?
4
Let m(i) be the third derivative of 14*i**2 + 0 - 1/2*i**4 + 0*i + 1/6*i**3. Calculate m(-1).
13
Let c(v) be the third derivative of -v**4/24 - v**3/6 + 3*v**2. Suppose 8*j - 11 = 19*j. Give c(j).
0
Let y(p) = p**3 + 13*p**2 + 29*p - 2. Let m be y(-10). Let r(x) = -x**3 + 2 - 27*x + m*x**2 - 13*x**2 + 27*x. Suppose h + 3 = -1. Give r(h).
-14
Let r(b) = -30*b + 3. Suppose 0 = 6*p + 24, -8 = -2*m + p - 2. Calculate r(m).
-27
Let j = -10 - -21. Suppose 0 = 24*s - j - 13. Let f(g) = -g + 2. Give f(s).
1
Let a(n) = n**3 + 5*n**2 - 1. Suppose -f - 68 = r, 0 = -2*r + 6*r + 20. Let y be f/(-9)*4/14. Suppose 5*i + y*i = -35. Give a(i).
-1
Let j = 5186 - 5184. Let g(y) = -11*y + 15. Calculate g(j).
-7
Let j = 2574 + -2577. Let y(k) = -2*k**3 - 3*k**2 + 6*k + 5. Give y(j).
14
Let s(a) = -8*a - 84. Let h be s(-10). Let k(w) be the first derivative of w**2/2 + 3*w - 23. Give k(h).
-1
Let o(m) be the first derivative of 3*m**2/2 - 8*m + 1. Let l(a) = 4*a + 31. Let z be l(13). Let i = 90 - z. Determine o(i).
13
Suppose 207*r - 441 + 2806 = -5915. Let p(n) = -n**3 - 42*n**2 - 79*n + 36. Give p(r).
-4
Suppose -27*q - 787 = -490. Let f(u) be the second derivative of u**3/6 + 8*u**2 - u. Give f(q).
5
Let n(x) = -11*x - 46 + x**3 + 24*x**2 - 98*x**2 + 61*x**2. Give n(14).
-4
Let x(g) = 5*g - 46. Let d be (12/(-7))/(16 - (-1816)/(-112)). Give x(d).
-6
Let t(z) = 2*z**3 + 4*z**2 - z. Let a(c) = 3*c**3 + 27*c**2 + 41*c - 7. Let r(d) = -a(d) + 2*t(d). Calculate r(21).
-14
Let g(f) = -f - 119. Let m(w) = 10*w + 357. Let z(q) = -3*g(q) - m(q). Suppose 0 = -3*s + 3*l, 2*l = 5*s - 0*s - 3. Give z(s).
-7
Suppose 3*i - 8 = -2*n - 1, -9*i = 45. Let y(z) = -3*z + 30. Give y(n).
-3
Let a(m) = -m - 2. Suppose -7*r = -93 + 58. Suppose r*z - 1 = -0*n + 2*n, 4*n + z + 13 = 0. Give a(n).
1
Let x(n) = 108 + 5*n**2 + n**2 - 109 - 9168*n + 9150*n. Give x(4).
23
Let b(u) be the first derivative of u**2/2 - 18*u - 1096. What is b(14)?
-4
Let x = 135 + -130. Let i(s) = 2*s**2 + 18*s - 27. Let g(c) = -c**2 - 9*c + 14. Let k(p) = x*g(p) + 3*i(p). Calculate k(-8).
-19
Suppose 214*u = 173 + 1325. Let k(w) = w**2 - 10*w - 1. Determine k(u).
-22
Let n(y) be the second derivative of y**3/3 + 31*y**2/2 - 6*y + 14. Give n(6).
43
Let q be (-14)/(-42)*(-2*1 - 7). Let z(x) = x**2 - 2. Let b be z(2). Let a(k) = 5*k - 3*k**b + 2 + 2*k**3 + 0*k**3 - 4*k - 3*k**3. Determine a(q).
-1
Let a(y) = y**3 + 5*y**2 - y + 3. Suppose 0 = -2*z + 5*h + 11, 4*h + 0*h - 20 = 0. Suppose -2*m + z*m = -128. Let p be 1/3 + m + (-40)/(-15). Determine a(p).
8
Let h(q) = -1 + 100*q - 198*q - q**2 + 93*q. Suppose -51*t + 14 = -58*t. Determine h(t).
5
Let m = -100 - -105. Let c(p) = 20*p - 96. Let u be c(m). Let o(b) = -b - 1. Give o(u).
-5
Let h(o) = 122*o - 4021. Let t be h(33). Let u(c) = 2*c**3 - 6*c**2 - 5*c + 1. Determine u(t).
76
Suppose 5*y + 5*b - 1396 = 684, 0 = -3*y + 2*b + 1248. Let s = -411 + y. Let c(a) = a**2 - 4*a - 2. Determine c(s).
3
Let y(s) be the second derivative of -s**5/20 - 2*s**4/3 + 4*s**3/3 + 5*s**2/2 + 5*s. Let q = -200 + 191. Calculate y(q).
14
Let g(t) be the first derivative of -3*t**3 + 2*t**2 - 5*t - 83. Let y(i) = 11*i**2 - 3*i + 6. Let u(d) = -5*g(d) - 4*y(d). What is u(9)?
10
Let s be (90/(-25)*5)/((-6)/4). Let d(o) = -o**3 + s*o**2 - 25*o**2 + 11 + 21*o**2 - 2*o. Determine d(8).
-5
Suppose -57 = 5*c + 58. Let y = c - -25. Let z(u) = u**2 - 3*u**3 + y*u**2 - 3*u**3 + 2*u + 5*u**3 + 1. Determine z(4).
-7
Let w(d) = -7*d**2 - 18*d + 35. Let y(o) = -5*o**2 - 19*o + 26. Let t(g) = 3*w(g) - 4*y(g). Determine t(23).
-22
Let y(u) = 2*u**2 + 8*u - 13. Let x be -5*(3/(-21) + (-32)/(-28)). Let p be y(x). Let v(g) = g**3 + 5*g**2 + 3*g + 4. Give v(p).
13
Let n(u) be the third derivative of u**4/24 + u**3/3 - 2*u**2. Let x(o) = -o**3 + 18*o**2 + 20*o - 3. Let s be x(19). Suppose -2*y = -6*y - s. Give n(y).
-2
Suppose -346*w - 24 = -334*w. Let x(p) = 9*p**2 + 17*p - 5. Determine x(w).
-3
Let g(r) = 7*r**2 + 8*r + 17. Let y(h) = 26*h**2 + 31*h + 70. Let f(w) = 11*g(w) - 3*y(w). Give f(-8).
-47
Suppose 2*b + 2*p - 4 = 0, 2*b = -3*p - 2 + 9. Let o(u) = 6 - 518*u**2 - 68*u + 32*u - 7 + 34*u + 524*u**2. Determine o(b).
7
Let a(t) be the third derivative of t**4/24 + 2*t**3/3 - 102*t**2 - 2*t. Calculate a(-2).
2
Suppose 0*y = -3*j - 4*y + 2, -5*j = 4*y - 6. Suppose -j*i + 0*i + 8 = 0. Let s(u) = -3 - 1 - 2*u - 4346710*u**2 - 1 + 0 + u**3 + 4346707*u**2. Give s(i).
3
Suppose -38*b + 30 + 122 = 0. Suppose 0 = -v + b - 8. Let t(h) = 7*h - 5 - 3*h + 0*h**2 + 2*h**2. Give t(v).
11
Let r(u) be the third derivative of u**4/12 + 3*u**3/2 - 53*u**2. Let j(s) = -7*s - 26. Let c(t) = -3*j(t) - 8*r(t). Give c(-5).
-19
Let q(b) = 2*b**2 + 3*b + 9. Suppose -2*z - 3*y = 0, 4*z + 5*y = 3*y - y. What is q(z)?
9
Let k(i) = 2*i**2 + 4*i + 3. Let j be k(-3). Let a(g) = -1 + j*g**2 - g + g. Let t be (-4)/(-8)*4/28 - (-39)/42. Give a(t).
8
Let n = 63 + -59. Suppose -2*b = 5*y - 29, 2*y = n*b - 57 + 83. Let z(r) = -r**2 + 5*r + 4. Give z(y).
-10
Let x be (-15)/(-1) - 20*(-8)/(-16). Let q(v) = v**3 + v**2 - 35*v + 26. Calculate q(x).
1
Suppose -4*h = -20, -s - 9*h = -8*h - 3. Let y(p) be the second derivative of -p**5/20 - p**4/4 - p**3/3 + 12*p + 1. Determine y(s).
0
Let y be (-425)/765 + 8/(-18). Let a(p) = 55*p**2 + 1. What is a(y)?
56
Let x(q) = -q**3 - 9*q**2 - 10*q - 3. Let n = 229 + -244. Let w be ((-120)/n)/(-1 + 0). Determine x(w).
13
Let l(r) be the third derivative of r**6/120 + r**5/10 + r**4/8 - r**3/3 + 310*r**2 - 3. Calculate l(-4).
18
Let k(q) = -q**2 - 2*q + 24. Let z = 2261 - 2269. What is k(z)?
-24
Suppose -5*k + 26 = -2*j - j, 0 = 2*k + 2*j - 4. Let q be (0 - (k + 2)) + 13. Let x(z) = z**3 - 7*z**2 - z + 7. Determine x(q).
0
Suppose 0*k + k = 46. Suppose 23*s + 264 = 310. Suppose -4*t + s = p + 1, -5*t = -4*p + k. Let m(x) = x**3 - 9*x**2 + x - 8. Give m(p).
1
Let k(m) be the third derivative of m**6/120 + m**5/30 - m**4/8 + 4*m**3/3 - 1465*m**2. Calculate k(-3).
8
Let m(s) = s + 23. Let u(q) = q**3 - q**2 - q + 1. Let c be u(1). Suppose b + 3*k + 17 = c, 79 = -4*b + 3*k + 11. Calculate m(b).
6
Let p(v) = -2695*v + 1351*v + v**2 + 8 + 1350*v. Suppose -4*a - 2*k - 20 = 0, 24 - 2 = -2*a - 4*k. What is p(a)?
-1
Let q(r) = 6*r - 1. Suppose -248 - 160 = -34*o. Suppose 36*z - o = 32*z. Determine q(z).
17
Let q = 3262 - 3255. Let h(i) = -2*i**2 + 14*i - 2. Calculate h(q).
-2
Let g(f) = -18*f - 98. Let n be g(-6). Let v(b) = -56*b**3 + 3*b**2 - 11*b**2 + 8*b + 28*b**3 + 29*b**3 - n. Determine v(7).
-3
Let k = -22 + 26. Let f(t) be the second derivative of -t**4/12 + t**3/6 + t**2/2 - 182*t. Give f(k).
-11
Let t(b) = 73*b**3 + 4*b**2 - 6. Let z be t(-2). Let k = z - -588. Let g(o) = o**3 - 14*o**2 + o - 2. Calculate g(k).
12
Let a(c) be the first derivative of c**2 + 9*c + 1. Suppose l = 3*l - 11*l - 45. What is a(l)?
-1
Let o(n) = -22*n**3 - 2*n**2 + 23*n + 25. Let z be o(-1). Let r(f) = 3*f - 47. What is r(z)?
19
Let q(i) = -15*i - 23*i - 4 + 9 + 37*i. Let v(h) = -h + 4. Let p(a) = 3*q(a) - 2*v(a). What is p(4)?
3
Let c(n) be the second derivative of -n**6/360 + n**4/24 + 13*n**3/3 - 3*n**2/2 + n + 19. Let a(f) be the second deriv